be b(-1). What is the greatest common divisor of 15 and w?
15
Let k(h) = 19*h**2 - 3*h. Let z be k(1). What is the highest common divisor of z and 2?
2
Suppose o - 16 = -o. What is the greatest common divisor of o and 88?
8
Let s = 22 + -16. Suppose s*k - k = 75. What is the highest common divisor of 6 and k?
3
Let m(y) = -y**2 - 13*y - 14. Let v be m(-10). What is the highest common factor of 8 and v?
8
Let m = -2 - -5. Let q = 4 - m. Let r(h) = 14*h. Let x be r(q). What is the highest common factor of x and 42?
14
Let d(k) = -7*k + 1. Let u be d(-3). Let y(x) = 59*x + 1. Let v be y(1). Let i = v - 5. What is the highest common factor of u and i?
11
Suppose -71 = -4*n + 3*v, -4*n + 52 = -2*n + 4*v. Let q be (-4)/(-5)*375/6. What is the highest common factor of n and q?
10
Suppose 4*c = 45 + 99. Let v(a) = 4*a**2 + a + 1. Let i be v(-1). Calculate the highest common divisor of c and i.
4
Suppose 5*a - 2*a = -18. Let x(p) = -p + 8. Let z be x(a). What is the greatest common factor of 7 and z?
7
Let j(t) = -16*t - 2. Let z be j(-7). What is the highest common factor of z and 11?
11
Let w(r) = -r - 7. Let d be w(-7). Suppose d*c + 12 = 2*c. Suppose 14 = -s - 0*f - 4*f, 0 = 4*f + 20. Calculate the greatest common factor of c and s.
6
Let c(o) = -16*o - 12. Let w be c(-6). Calculate the greatest common divisor of 12 and w.
12
Let q(m) be the second derivative of m**5/20 - m**4/4 - 7*m**3/6 + 3*m**2/2 + 3*m. Let p be q(5). Calculate the greatest common divisor of p and 9.
9
Suppose 240 = d + 7*d. What is the highest common factor of 150 and d?
30
Suppose 5*j + t - 67 = 0, 3*j - 13 = -t + 26. What is the highest common factor of 28 and j?
14
Let y be (1/(2/(-8)))/(6/(-12)). What is the greatest common factor of 8 and y?
8
Suppose 20 = -4*b + 32. What is the greatest common factor of 3 and b?
3
Suppose 0 = -0*l - 4*l + 88. Suppose -2*x = -2 - l. Let j = 34 - 22. Calculate the highest common divisor of j and x.
12
Suppose 236 + 1834 = 10*g. What is the highest common factor of 9 and g?
9
Let n(q) = 6*q + 1 + 27*q - 4. Let m be n(2). Let d(t) = -t**3 + 4*t**2 - 1. Let p be d(2). What is the highest common factor of m and p?
7
Let d(x) = -x**2 + 5*x. Let y be d(5). Let o = 1 + y. What is the greatest common factor of 2 and o?
1
Let c be (-204)/(-21) + -1 + 2/7. Calculate the highest common divisor of c and 117.
9
Suppose -4*w + 61 = 13. Let y be (-2)/(-4)*(w + -2). Suppose 5*m - 23 = l, 7*m - 11*m = -4*l - 12. Calculate the greatest common divisor of y and m.
5
Let p be -3 + 4 - (0 + -1). Let t(d) = -d**2 + 3*d + 1. Let w be t(3). What is the highest common divisor of w and p?
1
Let a(l) = 3*l - 6. Let z be a(-5). Let p be (-2064)/(-21) - (-6)/z. What is the greatest common factor of p and 14?
14
Suppose 4 = -3*r + 16. Suppose 0*q = r*q - 12. What is the highest common factor of q and 6?
3
Suppose i = -43 + 175. Calculate the greatest common factor of 12 and i.
12
Suppose -3*x + 1 = -20. Suppose 2*j - x = -0*s + s, -3*s = -5*j + 19. Suppose -j*a - 8 = -3*a. Calculate the greatest common divisor of a and 16.
8
Suppose -2*y - 2*y = -8. Suppose -2*t + y*r + 280 = 2*t, 5*r + 132 = 2*t. Let p = -44 + t. What is the highest common divisor of p and 9?
9
Suppose 3*t - 1 = 17. Let y(o) = 2*o**3 - o - 8*o**2 + 1 - 6*o + 5. Let r be y(t). What is the highest common factor of r and 12?
12
Let c(k) = -k**3 + 11*k**2 + 13*k + 1. Let u be c(10). Calculate the greatest common factor of u and 21.
21
Suppose 7 = -2*j - 1. Let r be j/14 - (-191)/7. Suppose i + r = 2*p, 30 = 2*p - 5*i + i. Calculate the highest common factor of 91 and p.
13
Suppose -f + 16 = 3*f. Suppose 0 = 4*s + s, 0 = f*o + 5*s - 72. Let q = -38 - -110. Calculate the greatest common divisor of q and o.
18
Let t(j) be the first derivative of j**4/4 - 5*j**3/3 - 9*j**2/2 - 8*j + 1. Let y be t(7). What is the greatest common factor of 3 and y?
3
Suppose -2*n + 26 = 4*z - 0*z, -4*n - 4*z + 44 = 0. Calculate the highest common divisor of n and 15.
3
Let c(l) be the first derivative of -5*l**4 + 2*l**3/3 + l**2/2 - 1. Let n be c(-1). Let m = -4 - -18. Calculate the highest common divisor of m and n.
7
Suppose -48 = -7*j + 4*j. What is the greatest common factor of 2 and j?
2
Suppose 0*m - 4*m = 200. Let q = 102 + m. What is the highest common divisor of q and 26?
26
Suppose -6 + 5 = -y. Let x = -2 + 4. Suppose x*g - 1 = g + p, 0 = 4*g + 5*p - 13. What is the greatest common divisor of y and g?
1
Suppose -7 = 3*f - 1. Let q = -21 - -50. Let u = f + q. What is the greatest common factor of 3 and u?
3
Let y be (1/3)/(2/12). Let z(m) be the first derivative of 15*m**2/2 + 1. Let n be z(y). Calculate the greatest common factor of n and 10.
10
Let r be (198/(-15))/((-1)/5). What is the greatest common factor of r and 165?
33
Let g(k) = -k**3 + 6*k**2 - k + 8. Let p be g(6). Let t be (p - 4)*(-11)/2. Calculate the highest common divisor of 88 and t.
11
Let z be (-72)/(-1 + -2) + 0. Let g be 105/9 - (-1)/3. Calculate the highest common divisor of g and z.
12
Let i(q) = 2*q**2 + 3*q + 2. Suppose -f - 4 = -0*f + 2*m, -8 = 3*f + 2*m. Let w be i(f). Calculate the greatest common divisor of 28 and w.
4
Let q = -31 + 43. What is the greatest common divisor of q and 36?
12
Let j be -1*180*24/(-30). What is the highest common factor of j and 16?
16
Let c(m) = 48*m**3 - 2*m**2 + 2*m. Let a be c(1). Calculate the greatest common factor of 24 and a.
24
Let g be 18/(-6)*(1 + -6). What is the greatest common divisor of 120 and g?
15
Let z(y) = 13*y + 6. Let q be z(3). Calculate the highest common factor of q and 5.
5
Let u(l) = -8*l. Let w be u(-1). Let f = w - -3. Calculate the greatest common divisor of 33 and f.
11
Let v(r) = 4*r**2 - 5*r + 10. Let p be v(4). What is the greatest common factor of p and 18?
18
Suppose 0 = 3*z + 12, -257 - 139 = -5*c - z. What is the greatest common divisor of 32 and c?
16
Let o = -20 - -28. Let b(r) = 2 + r - o*r + 6*r. Let v be b(-6). What is the greatest common factor of 20 and v?
4
Let r(y) = -y + 14. Let i be r(12). What is the greatest common factor of 22 and i?
2
Let f be (-1)/1 - (-2)/(-2). Let b(z) = -3*z - 3. Let v be b(f). Let t(d) = d**2 - 2*d + 21. Let r be t(0). Calculate the highest common factor of v and r.
3
Let m(p) = 2*p - 4. Let y be m(4). Let n be ((-4)/3)/1*-3. Suppose -n*h + 60 = h. What is the highest common divisor of h and y?
4
Let k be -3*1/(-2)*14. Suppose 0 = -0*t + 25*t - 1050. What is the greatest common divisor of k and t?
21
Suppose 3*o + 360 = 3*q, -233 = -2*q - 3*o + 2. Calculate the greatest common factor of 34 and q.
17
Let f be (-4 - (2 - 4)) + 3. What is the highest common divisor of 1 and f?
1
Let f be ((-42)/(-8))/((-6)/(-24)). Let z = 402 + -171. What is the greatest common divisor of f and z?
21
Let c(p) = p**3 + 9*p**2 + 6*p - 10. Let o be c(-8). Let j = o - 5. Calculate the greatest common factor of j and 4.
1
Let f = 53 - 25. Suppose 0 = -3*z + 2*r + f, -2*z - 5*r - 3 = 10. What is the highest common divisor of z and 54?
6
Let n = 17 + -6. What is the greatest common factor of n and 33?
11
Let m = 184 - 124. Let h = -7 - -8. Suppose 16 = p + h. Calculate the greatest common divisor of m and p.
15
Let f = 8 - -3. Let p(c) = 77*c**2 - c - 1. Let v be p(-1). Calculate the highest common factor of f and v.
11
Let s(b) = 2*b**2 - 5*b - 2. Let i be s(4). Let k be (-10384)/(-104) + 24/(-13) + 2. What is the greatest common divisor of k and i?
10
Let u be 6 + -3 - (2 + -9). What is the greatest common divisor of 25 and u?
5
Let l be 3/(-6)*2 + 2. Let s = l + 1. Suppose 6 = s*h - m - 10, 2*h - 16 = -2*m. What is the greatest common divisor of h and 4?
4
Suppose 4*l - 3*l - 24 = 0. Calculate the greatest common divisor of l and 12.
12
Let c be 165/(-10)*(-4)/6. Suppose 50 = 5*t + 4*u - 80, 5*u + 19 = 2*t. What is the highest common factor of c and t?
11
Let y(n) = -52*n**3 - n**2 - 2*n - 1. Let o be y(-1). Let u(j) = -8*j - 3. Let x be u(-2). Calculate the highest common factor of o and x.
13
Let u = -7 - -11. Let f be (23/u)/((-3)/(-24)). Calculate the highest common factor of 115 and f.
23
Suppose 4*d + 4 - 54 = 2*t, -4*d - 2*t = -46. Suppose -36 = -f + 72. Calculate the greatest common factor of d and f.
12
Let t(g) = 3*g**2 + 4*g + 12*g**2 + 1 - 2 - 6*